. Let u(k) = -4*k - 1. Let x(p) = -5*m(p) - u(p). Let o be (4/(-3))/((-3)/(-27)). List the prime factors of x(o).
2, 3
Let a(s) = -s**3 + 10*s**2 - 2*s - 13. Let u be a(9). Suppose 0 = 3*y - 8*y + u. What are the prime factors of y?
2, 5
Suppose -4 = -2*k - 0, 5*u - 335 = -5*k. What are the prime factors of u?
5, 13
Let a(v) = -v**2 + 12*v + 11. What are the prime factors of a(11)?
2, 11
Suppose 0 = -3*n + 3*o + 21, -3*n + 4 = 5*o + 23. Suppose -l - 6*y + y = -29, 2*y = 3*l - 19. Suppose n*h - l = 3. List the prime factors of h.
2, 3
Suppose 0 = 13*k - 9*k - 380. List the prime factors of k.
5, 19
Let l be (10 + -8)/(2/(-4)). Suppose 10 = 2*v - 2*q, v + 6*q = q - 1. List the prime factors of 2/v*-2 - l.
3
Let h be (-28)/(-5) - (-3)/(-5). Suppose 5 + 5 = h*r. What are the prime factors of r/((-5)/(-4) - 1)?
2
Let k(j) = j**3 - 3*j**2 - 4*j. Let g be k(4). Let o = -21 + 23. Suppose -o*f = -g*f - 10. List the prime factors of f.
5
Let k = -76 - -363. List the prime factors of k.
7, 41
Suppose p + 240 = 4*p. Suppose 2*g - p = -16. List the prime factors of g.
2
Suppose 4*r + 4*g - 8 = 0, -2*g - 3 = -r + 2. List the prime factors of (6 + 4)*(1 + r).
2, 5
Let w(y) = 13*y**3 + 26 - 14*y**3 - 2*y**2 + y + 3*y**2. What are the prime factors of w(0)?
2, 13
Let h = 5 + -70. Let b = -28 - h. What are the prime factors of b?
37
What are the prime factors of (-346)/(-14) + 6/21?
5
Let d be (-2)/(12/9)*-2. Suppose d = 2*h - 1. Suppose -3*z = -h*z - 6. What are the prime factors of z?
2, 3
Let w(s) = -7*s + 45. List the prime factors of w(5).
2, 5
Let f(u) = 8*u**2 - u + 1. Suppose 2*s + 2*s - 4*c - 12 = 0, 4*s = -3*c - 2. Let k be s + (0 - (-2 + 2)). List the prime factors of f(k).
2
Let i = 42 + -15. Let g = -16 + i. Suppose 2*f = 11 + g. What are the prime factors of f?
11
Let o be -1 + (-3)/1*-1. Suppose -4*w + o*w - 2*m = -4, w = -5*m - 14. List the prime factors of w.
2, 3
Let z be (-1)/((-6)/8)*45. Suppose o = 6*o - z. List the prime factors of o.
2, 3
Let a(g) = g**3 + 4*g**2 - 5*g + 6. Let d be a(-5). Suppose d*y - y = 15. List the prime factors of (4 - 10)*(-4)/y.
2
Suppose 5*g + 21 = 256. Let w = -24 + g. What are the prime factors of w?
23
Suppose -9 = 7*i - 135. Suppose -3*a = -8*a. Suppose i = 5*l + j, a*l + 5*j + 14 = l. List the prime factors of l.
2
Let z(n) = -2*n - 3. Let k(m) be the first derivative of -m**2/2 - 2. Let g be k(5). List the prime factors of z(g).
7
Suppose d + 2*j = 14, d = -3*d + j + 29. Suppose 0 = 2*b + 2 - d. What are the prime factors of 5*6/b*1?
2, 5
Suppose -f - 352 = -4*m + 237, m + 4*f = 160. List the prime factors of m.
2, 37
Let z = 3 + 6. What are the prime factors of 6/z + 31/3?
11
Let f be -2 + -2 + 15/3. Let i = f + 0. What are the prime factors of (-3 - 9)*i/(-3)?
2
Suppose o - 5*f = 68, -f + 4*f - 364 = -4*o. Let j be 2/(-7) + o/14. Let s = 2 + j. What are the prime factors of s?
2
Suppose 4*n + 0 = 8. Suppose 0 = 4*o - 33 + 1. Suppose -5*t + o = -n. List the prime factors of t.
2
Suppose 4*i = -i + 5, -q + 8 = -4*i. Let d be (-12)/10*(-40)/q. Suppose 4*w = w + 2*g + 29, -20 = -d*w - 2*g. What are the prime factors of w?
7
Let x(u) = -u**3 - 4*u**2 + 6*u + 5. Let h be x(-5). Let b be (h + -6 + 1)*-1. Let j(l) = 3*l. What are the prime factors of j(b)?
3, 5
Let q be 0/4 - (1 - -1). Let n be (-1 - 6) + (-5 - q). Let x = n + 19. What are the prime factors of x?
3
Suppose c = z + 2*z - 39, -5*c - 280 = 2*z. Let s = -31 - c. What are the prime factors of s?
23
Suppose 3*a + 47 = -4. Let g = 28 + a. List the prime factors of g.
11
Let a = -30 + 49. What are the prime factors of a?
19
What are the prime factors of 3/(-3 + (-714)/(-236))?
2, 59
Suppose -4*k + 18 + 6 = 0. What are the prime factors of k?
2, 3
Suppose 0 = 7*x - 1234 + 247. List the prime factors of x.
3, 47
Suppose -45 = -2*k - 3*w - 8, -k = -2*w - 22. Let i = k + -36. Let r = i + 28. List the prime factors of r.
2, 3
Suppose -5*d = 3*s + 2*s - 195, -2*d = 3*s - 120. List the prime factors of s.
2, 3, 7
Let d(a) = -15*a - 4. What are the prime factors of d(-3)?
41
What are the prime factors of 428/60 - 4/30?
7
What are the prime factors of 4*1/(-2) + 38?
2, 3
Let x(f) = -2*f + 79. List the prime factors of x(0).
79
Let s(a) = -a**2 + 8*a - 6. Let o be s(8). Let l be (0 - 0)/(-7 - o). Suppose -2*w - 2*w + 56 = l. What are the prime factors of w?
2, 7
Let s(h) = -2*h + 5. What are the prime factors of s(-7)?
19
Suppose -2*q + 0*q + 344 = 0. List the prime factors of q.
2, 43
Suppose 269 = 4*i - 83. List the prime factors of i.
2, 11
Let m(b) = b**3 - 6*b**2 - 8*b + 9. Let u = -3 - -10. What are the prime factors of m(u)?
2
Let h(k) = -114*k - 4. List the prime factors of h(-1).
2, 5, 11
Let g(v) = 6*v**2 + 9*v - 3. What are the prime factors of g(-5)?
2, 3, 17
Let d be (-1 - -6)*(0 + 2). Let x be (-1)/(-3) - 38/6. Let i = x + d. What are the prime factors of i?
2
Suppose -a - 152 = -4*r + 92, 4*a + 170 = 3*r. What are the prime factors of r?
2, 31
Suppose 0*z + 2 = -z. Let k = z - -26. List the prime factors of k.
2, 3
Suppose 5*j - s = -34, 4*j - 5*s = -0*s - 23. List the prime factors of 2 - 3 - 3*j.
2, 5
Let u = -18 - -26. Let v(h) = 3*h - 9. What are the prime factors of v(u)?
3, 5
Let f(l) be the third derivative of l**7/2520 - l**6/240 - l**5/40 + l**4/8 + 2*l**2. Let x(p) be the second derivative of f(p). List the prime factors of x(5).
7
Suppose 2*s - 2*a = -0*a + 14, 3*a = 0. What are the prime factors of s?
7
Let l be (-30)/(-50) + (-4074)/(-10). What are the prime factors of l/18 - 2/3?
2, 11
Let j(u) = -7*u - 5. Let s be j(-5). Let n = s + 1. List the prime factors of n.
31
Let r(b) = 24*b**2 - b + 1. List the prime factors of r(1).
2, 3
Let q(d) = 2*d + 7. Suppose 4*m - z = z + 40, 44 = 4*m - 4*z. What are the prime factors of q(m)?
5
Suppose 240 = 3*g + g. Suppose -g = -3*i - i. List the prime factors of i.
3, 5
Let d(a) = 5*a**3 - a**2 - 7*a - 1. Let h(k) = -4*k**3 + k**2 + 6*k + 2. Let p(s) = 5*d(s) + 6*h(s). Let m = 1 + -1. List the prime factors of p(m).
7
Let s be (1 + 5)/(2/3). Let q = s - 5. List the prime factors of q.
2
Let j(l) be the third derivative of 7*l**6/360 + l**5/120 + l**3/3 - l**2. Let f(c) be the first derivative of j(c). What are the prime factors of f(-1)?
2, 3
Suppose 70 = 3*k - 170. What are the prime factors of k?
2, 5
What are the prime factors of 75/2 + 1/(-2)?
37
Suppose -4*w - 772 = -4*z, 0 = -2*z - 2*z + w + 769. List the prime factors of z.
2, 3
Let s(b) be the third derivative of -b**6/120 - b**5/12 - b**4/6 - b**3/3 - 2*b**2. Let w be s(-3). What are the prime factors of (-3)/3 - (3 + w)?
2
Let s(t) = 1 + t**2 - t**3 + 0*t**3 + 0*t**3. Let z be s(3). Let w = -11 - z. List the prime factors of w.
2, 3
Let i(y) be the second derivative of y**3/3 - y**2 - 8*y. Suppose 0 = -3*p - 0*p + 15. What are the prime factors of i(p)?
2
Let b be (-3 + 0)*2/(-6). Let k = b + 0. Let g = 3 + k. List the prime factors of g.
2
Let n = -2 - -5. Suppose g + o = n*o + 2, 0 = 3*o - 3. What are the prime factors of g?
2
Suppose 4*y + 6 = -s - 5, 4*s + 139 = 3*y. Let b = 0 - s. What are the prime factors of b?
31
Let b(u) = -58*u - 3. List the prime factors of b(-1).
5, 11
Let u(x) = 7*x**2 - 3*x - 9. What are the prime factors of u(-4)?
5, 23
Suppose -g = -3*g + 54. Let j(l) = l - 1. Let p be j(3). Suppose -p*q + 5*q = g. List the prime factors of q.
3
Let m(o) = -o**3 - o**2 + 3*o - 4. Let a be m(-3). Suppose 9*r - 12 = a*r. List the prime factors of r*21/9 - 1.
2, 3
Let p = 18 + -13. Suppose -4*d - p + 25 = 0. Suppose 2*l = s + 3*s, 3*s + 28 = d*l. List the prime factors of l.
2
Suppose 3*d = -163 + 16. What are the prime factors of (d/14)/((-2)/24)?
2, 3, 7
Let v be ((-24)/9)/((-1)/3). Let c be (-2)/3*(-60)/v. Let t = 7 - c. List the prime factors of t.
2
Suppose -7*t + 4 = -l - 3*t, -3*l + 4*t + 4 = 0. Suppose -18 + l = o. List the prime factors of (-61)/(-7) - 4/o.
3
Let m(c) = c**3 + 5*c**2 - 8*c - 1. Let b be m(-6). Let r = b + 5. Suppose 2*k = -2*k + r. What are the prime factors of k?
2
Suppose -r - 4 + 3 = 0. Let z = r + 14. List the prime factors of z.
13
Let t(c) = c**2 + 4*c + 4. What are the prime factors of t(-7)?
5
Let j(t) = -t**2 - t - 4. Let b be j(0). Let p(l) = l**3 - 8*l**2 + 8. Let v be p(8). Let m = 